4?
8
Let r be 30/(2/1)*10. Suppose 18*b - 53171 = -52271. Calculate the greatest common divisor of b and r.
50
Suppose 25*k - 3102 = 1848. Let g = -1 + 45. Calculate the greatest common divisor of k and g.
22
Suppose 1830 = 4*i - 211*p + 216*p, -3*i + 5*p = -1390. What is the greatest common factor of 2645 and i?
115
Let u = -56 + 86. Let n = -13314 + 13315. What is the highest common divisor of u and n?
1
Let m(f) = f**2 + 49*f + 660. Let o be m(-39). What is the highest common factor of o and 60?
30
Let x(b) = 4*b + 10. Let u be x(10). Suppose -757 = 46*w - 2597. Calculate the greatest common divisor of u and w.
10
Let b(m) = 490*m - 9302. Let w be b(19). Calculate the greatest common divisor of 4 and w.
4
Let o be (-7 - 1)/(49/(-12) - -4). Let l = -19 + 43. Calculate the highest common divisor of o and l.
24
Let c be ((-1)/4)/(-7 - (-3614)/520). What is the highest common divisor of 3160 and c?
5
Suppose 6*z + 3*f - 7*f - 3096 = 0, -f = -z + 518. Calculate the greatest common divisor of z and 576.
64
Let v be -1 + (-15)/(-9) - (-688)/3. Suppose 8*j = v + 170. Suppose -j = -i - 18. Calculate the greatest common divisor of 352 and i.
32
Suppose 0 = 50*s + 105*s - 1705. What is the greatest common divisor of 8019 and s?
11
Let z = -80 + 171. Suppose -8*w = -421 - z. Calculate the greatest common divisor of w and 448.
64
Let q(m) = -21*m**3 + 5*m**2 - 4*m. Let t be q(1). Let h be t/(3/99*-3). Calculate the greatest common factor of 20 and h.
20
Suppose 51*w - 119637 = -110*w + 42973. Calculate the greatest common divisor of 30 and w.
10
Let h(b) = b**3 + 59*b**2 + 373*b + 36. Let o be h(-16). Calculate the highest common divisor of 432 and o.
108
Let b be (-62850)/(-16) + 16/(-128). What is the greatest common factor of 8 and b?
8
Suppose p = -2*p + 138. Let k be 19 + 490/147 - ((-2)/(-6) - 1). Calculate the greatest common factor of p and k.
23
Suppose -485*n + 697*n - 78016 = 0. Calculate the highest common divisor of 391 and n.
23
Let n be 4/(-18) + (-730)/(-45). Suppose 3*u + 2*r - 44 = -2*u, 0 = -5*u + 7*r + 26. Calculate the highest common divisor of n and u.
8
Let p = -41753 + 66012. What is the highest common divisor of p and 17?
17
Let t = -31022 + 31162. Let i(q) = -8*q - 8. Let l be i(-6). Calculate the highest common divisor of t and l.
20
Let c(g) = -10*g. Let f be c(-1). Suppose 6 - f = 2*z. Let j be 14 - (2/1 + z). Calculate the greatest common divisor of j and 7.
7
Suppose -5*d - 5 + 20 = 0. Suppose -d*q + 4*b = -896, 10*q - 320 = 9*q - 4*b. Calculate the highest common divisor of 19 and q.
19
Let a(j) = j**3 - 67*j**2 + 192*j + 41. Let f be a(64). What is the greatest common factor of f and 287?
41
Let i = 20263 + -18265. What is the highest common divisor of i and 296?
74
Let u be ((-280)/(-7))/(-4) - -2242. Calculate the highest common divisor of u and 48.
24
Suppose 39*o = 78*o - 45*o + 1674. Calculate the highest common divisor of o and 744.
93
Suppose 0 = 137*u - 147*u + 40. Let i be (-2)/(u/(-178)) + 408/(-102). What is the highest common divisor of 17 and i?
17
Let x = 65 - 47. Let f be ((-30)/9)/(x/(-2133)). Suppose -11*h + 2179 = -f. Calculate the greatest common factor of h and 26.
26
Suppose 5*n = -i + 1808, -35*n - 5435 = -3*i - 39*n. What is the highest common divisor of i and 37?
37
Suppose 0 = -5*m - 3*t - 45, -m + 2*t - 6 = 16. Let d be m/3*95/(-20). Calculate the greatest common divisor of 703 and d.
19
Suppose 5 = -z, 9*s = 8*s - 2*z + 24. What is the highest common factor of s and 3281?
17
Let l(p) = -119*p**3 + 2*p**2 - 694*p - 695. Let t be l(-1). Suppose -k + 39 = -61. Calculate the greatest common divisor of k and t.
20
Let b be (-544)/(-18) + 94/(-423). Suppose 70 = 3*h - 68. Let g = 4 + h. What is the greatest common factor of b and g?
10
Suppose 4*f + 2*h - 448 = 0, -5*f - 2*h - 3*h + 560 = 0. Suppose -200*d = -84*d - 812. Calculate the highest common divisor of f and d.
7
Suppose 578 = 15*y - 992 + 415. Let v = -5 + 19. Calculate the greatest common divisor of v and y.
7
Suppose 0 = -10*o + 1747 + 253. Calculate the highest common divisor of 280 and o.
40
Let d = 2428 - 2407. Suppose y - 5*y = -588. Calculate the highest common divisor of y and d.
21
Let s = -121 + 130. Let h be (4/(-5))/((-3)/810). Calculate the greatest common divisor of h and s.
9
Suppose 0 = 25*b + 21*b - 13*b - 627. Let m(q) = q**3 - 5*q**2 + q - 2. Let v be m(5). Calculate the highest common factor of b and v.
1
Let h(w) be the third derivative of -w**4/3 + w**3/3 - 6*w**2 + 1. Let j be h(-8). What is the highest common divisor of 88 and j?
22
Suppose -35*o - 4*a = -32*o - 40, -4*a = 8. Calculate the greatest common divisor of o and 48.
16
Let k = 2380 + -2357. Calculate the highest common factor of k and 9.
1
Let d(t) = -18*t + 30. Let g = -54 - -47. Let r be d(g). Let q be 1 + -2 + r/6. What is the greatest common factor of q and 125?
25
Suppose 2*x - 29189 = -5*u, -5*u + 4*x + 26918 = -2319. Calculate the greatest common factor of u and 297.
99
Suppose 5*x + 40 + 85 = 0. Let v = x - -28. Let b be 108/4*(v - 2). Calculate the highest common factor of 216 and b.
27
Let o = -384 - -179. Let x = 352 + o. Let s = -77 + x. Calculate the greatest common factor of 10 and s.
10
Suppose 5*s + 4*t = -25, 11*s - 2*t = 13*s + 10. Let p be (-1979)/s + 7/35. What is the greatest common factor of p and 36?
36
Let b be (-1876)/42 - (-1)/(-3). Let z = 3 - b. Suppose 270 = 4*h + 14. Calculate the highest common factor of h and z.
16
Suppose 5*w = -z + 21, -3*z - 5*w = -w - 19. Suppose 3*g - 7 = -2*x, 3*x - z = -13. Calculate the greatest common divisor of g and 3.
1
Let c(i) = 127*i + 2. Let u = -432 + 434. Let o be c(u). Calculate the greatest common divisor of 4 and o.
4
Let g = -565 + 594. Suppose 0 = t - 4*d - 219, -d + 199 = -2*t + 3*t. What is the greatest common factor of t and g?
29
Suppose 69*d = 100*d - 775. What is the highest common factor of d and 1025?
25
Let b(d) = -3*d**3 + 2*d + 30*d**2 - 37*d**2 - 9 + 0*d. Let h be b(-4). Let s(a) = -7*a - 7. Let q be s(-7). Calculate the highest common factor of q and h.
21
Let v = 134 + -136. Let i be 48*v/(-10)*(-40)/(-6). Suppose -h + 5*o - 121 = -3*h, 0 = -4*h + 2*o + 182. What is the highest common factor of h and i?
16
Let u = -591 - -836. Let i be (-33)/(-132) - (-854)/8. Suppose 0 = 3*s + j - i, -j - 138 = -0*s - 4*s. What is the greatest common factor of u and s?
35
Suppose 5*p + 63 = -4*s, 5*s = -2*p - 50 + 18. Let m(b) = 3*b + 57. Let z be m(p). Calculate the greatest common divisor of z and 156.
12
Let i(b) = -9*b - 195. Let o be i(-21). Let k be 36*(7 - (-14)/o). Calculate the greatest common factor of k and 21.
21
Let b = 27 - -23. Suppose -2*o - b = -12*o. Suppose -r + 2*r - 4 = i, 2*r = -3*i + 13. What is the highest common factor of o and r?
5
Suppose -o = -2*o - 3*i - 17, 5*i = 5*o - 15. Let d(q) = 12*q**2 + 2*q - 2. Let u be d(o). Calculate the greatest common divisor of u and 462.
42
Let m = 93 - 11. Calculate the highest common divisor of 123 and m.
41
Let v = 170 + -95. Suppose 15*z - v = 14*z. Suppose -4*w = w - z. Calculate the highest common factor of 105 and w.
15
Suppose 2*u = -3 + 13. Suppose -3*j + 37 = 2*w - 4*j, -u*j + 46 = w. Let t be (5/(-10))/((-3)/42). What is the highest common divisor of t and w?
7
Let f = -519 - -603. Let w be f + -79 - (0 - (1 + 1)). What is the highest common divisor of w and 301?
7
Let o = 8 + -3. Suppose 3*i - n = 2 - 4, 5*n = -4*i + 29. Let u be -3 + -6 + o + 19/i. Calculate the greatest common factor of 6 and u.
3
Let v(u) = -u**2 + 11*u - 26. Let w be v(6). Calculate the highest common factor of 4 and w.
4
Let c be 3816/68 + (-6)/51. Let t = c + -58. Let v be (8 - 6 - 22/t) + 2. What is the highest common factor of v and 30?
15
Suppose 0 = 19*m + 12504 - 110582. Calculate the highest common factor of 58 and m.
58
Let u = 24114 - 23538. What is the greatest common factor of u and 3096?
72
Let z(v) = -7*v**2 - 70*v - 12. Let h(a) = -a**2 - 3*a. Let j(d) = -5*h(d) + z(d). Let w be j(-26). Calculate the highest common divisor of w and 77.
11
Let c(t) = t**2 - 2*t + 2. Let f be c(4). Let j = f + -6. Suppose 160 = 5*h - 3*o, 25*o - 32 = -h + 24*o. What is the greatest common divisor of j and h?
4
Let p = -35 - -61. Let u(v) = 30*v -